 r(m) = p - 8 - 13 + m. Calculate r(5).
-1
Let l(y) = y**3 - 6*y**2 + 2*y - 8. Suppose -2*b - 38 = -3*b. Suppose b*k = 33*k + 30. Give l(k).
4
Let x(a) = 2*a + 5*a - 2 - a**2 - 12*a. Determine x(-5).
-2
Let w(f) = -6*f**3 + 13*f**2 + 3*f - 4. Let k(n) = -9*n**3 + 19*n**2 + 4*n - 6. Let a(l) = 5*k(l) - 7*w(l). Determine a(2).
-12
Let o be (-375)/300 - 6/8. Let w(t) = -8*t**2 + 3*t + 2. Determine w(o).
-36
Suppose 0 = 3*r + 20 - 26. Let b(d) = d**2 - 3*d**2 + 3*d**r - d - 3 + 2. What is b(3)?
5
Let h(t) = t**2 - 2*t - 3. Let f = -6 + 6. Suppose 0 = 2*y - 4*a, -3*y - 3*a - 9 = -f*y. What is h(y)?
5
Let j(c) = c**3 - 9*c**2 + 10*c + 25. Let f be j(7). Let b(w) = -2*w**2 + 3*w + 4. Determine b(f).
-23
Let k(b) = b**3 + 2*b**2 + 3*b. Suppose 0 = -7*y + 50 + 20. Suppose 0*o - y = -5*o - 5*a, 3*a = -4*o + 10. Suppose 4*i + 12 - o = 0. What is k(i)?
-6
Let g(f) be the third derivative of f**6/120 - 7*f**5/30 + 31*f**4/24 + 4*f**3 - 351*f**2 - 2. Determine g(11).
2
Let z(d) = 3*d**2 - 3 - 1 + 3*d - 4*d - 2*d**2 + 1. Determine z(0).
-3
Let c(n) = -n**2 + 12*n - 5. Let y be c(12). Let g(a) = a**3. Let k(b) = -7*b**3 - 4*b**2 + 3*b. Let z(t) = 6*g(t) + k(t). What is z(y)?
10
Suppose -4*u + 47 = 75. Let f(i) = -5*i - 37. Calculate f(u).
-2
Suppose 4*a = 5*o - 28, -5*a + 3*a = 4*o - 12. Let x(p) = -p**3 - p**2 - 2*p - 2. Give x(a).
6
Let m(j) be the second derivative of -1/3*j**4 - 1/20*j**5 + 0 + 1/6*j**3 + 2*j**2 - 7*j. Suppose -3*t = -14 + 26. Determine m(t).
0
Let c(z) = z**3 + 6*z**2 - 2*z - 7. Let k = 2 - -2. Suppose 4*l + 12 = 2*p, -l = -p + k*l. Let i be -3 + 2 + p/(-2). Calculate c(i).
5
Suppose -5*i = -205 + 25. Let r(d) = i*d**2 - d**3 - 3 + 1 - 40*d**2 - 3*d. Determine r(-4).
10
Let s = 17 + -18. Suppose -5*f - 90 = -3*r, 5*r - 150 = f + f. Let d(h) = -h + 30 - r - 2*h**2. Calculate d(s).
-1
Let a(i) be the second derivative of 1/2*i**2 - 1/2*i**3 + 4*i + 0 + 1/3*i**4 - 1/20*i**5. Calculate a(3).
1
Let n(t) = 9*t**2 + 3*t + 12. Let v(u) = -7*u**2 - 2*u - 12. Let g(x) = 4*n(x) + 5*v(x). Give g(5).
23
Let l(w) = -w + 2 - w**3 + 7*w**2 + 10*w**2 - 2*w**2. Calculate l(15).
-13
Let m(c) be the third derivative of -c**6/120 - 2*c**5/15 - c**4/3 + 279*c**2. Give m(-7).
7
Let b(q) = -6 - 3*q - 2 + 17 - 15. Calculate b(-5).
9
Let c(j) = -3*j - 15. Let x be (0 - (25/(-5) - -4)) + -1. Determine c(x).
-15
Suppose 0 = 2*c + 3*p - 0 + 9, -p = -3*c - 19. Let n(y) = y**3 + 8*y**2 + 9*y + 1. Give n(c).
19
Suppose -5*z = -4*s - 12, -2*z - 247*s + 252*s = -15. Let b(p) be the second derivative of -p**4/12 + p**3/6 + 9*p**2/2 + 3*p. Calculate b(z).
9
Let j(p) = 4*p**2 + 3. Suppose -36 = 10*u - 6. What is j(u)?
39
Let h(z) = -65*z - 64*z + 17 + 201*z - 67*z - 1. Give h(-3).
1
Let j(t) = t**3 - 5*t**2 - 7*t + 1. Suppose 14*y = 12*y + 4. Suppose -2*i - 3*i - y*q = -40, i + 4*q - 26 = 0. Calculate j(i).
-5
Let q(i) = -3*i - 3. Let v(l) = -4*l + 0*l + 6*l - 1 + 3. Let o(t) = -3*q(t) - 4*v(t). Determine o(6).
7
Let h be (7 + -10)*4/3. Let c = h + 4. Let s(v) be the third derivative of v**4/24 - v**3 - 52*v**2 - 1. What is s(c)?
-6
Let k be 7 + -1 - 4 - 2. Suppose -14 = -k*t + 2*t. Let a(d) = 2*d + 9. What is a(t)?
-5
Let m = 38 - 34. Let z(x) = m*x**2 + 2 - x + 7*x - 6*x. Determine z(-2).
18
Suppose 0 = -i + 4*j + 15, -23*j - 12 = -5*i - 24*j. Let p(q) = q**3 - q**2 - 10. What is p(i)?
8
Let y(r) = r**2 + 8*r - 6. Suppose 0 = 3*z + 3*z + 30. What is y(z)?
-21
Let h(l) = -l. Let f = -241 - -243. What is h(f)?
-2
Let a(o) = -o**3 - 33*o**2 - 33*o - 37. Let s be a(-32). Let w(g) = g**3 + 4*g**2 - 8*g - 7. Calculate w(s).
8
Let c = 34 + -18. Let f = -32 + 18. Let w = c + f. Let r(g) = -4*g + 2. Give r(w).
-6
Let h(t) be the third derivative of -t**6/120 + 7*t**5/60 - t**4/6 + t**3/6 - 2*t**2. Let w(f) = -5*f + 11. Let y be w(1). Determine h(y).
13
Let r(j) = 8*j + 9. Let a(h) = h - 3. Let f(b) = -4*a(b) + r(b). Determine f(-9).
-15
Let c(z) = 6*z - 8*z - 2 - 3*z - 4*z. Calculate c(1).
-11
Let b(v) = 2 - 28*v**2 - 2 + 6 + 27*v**2 - 5*v. Let f(u) = u**2 + 5*u - 6. Let i(a) = 6*b(a) + 7*f(a). Determine i(-6).
0
Let z(w) be the third derivative of 1/6*w**3 + 1/24*w**4 - 15*w**2 + 0 + 0*w. Determine z(5).
6
Let q = -82 - -90. Suppose 25 = -q*y - 31. Let v(m) = -m - 5. Determine v(y).
2
Let v be 0/(0 - (-2 + 0)). Let q(c) = 3*c**2 - 6*c**3 + 3 + 8*c**3 + 2*c + v. What is q(-2)?
-5
Let l = 24 + -24. Let x(w) = -3*w + l + 2*w + 12 + 2. Let g(n) = n**2 - n + 6. Let i be g(0). What is x(i)?
8
Let f(q) = q**3 + 3*q**2 + 4. Suppose -5*t = n - 18, 3*n + 0*t - 4*t = -3. Suppose 3*o = h, -3*o - 2*o = n*h + 14. What is f(h)?
4
Let x(f) = -f + 4. Let u be 1/(-3) - 28/(-12). Suppose 2*s + 3*o - 6 = 0, s - 2*s + 1 = u*o. Give x(s).
-5
Let x = -20 + 27. Let u(l) = 1 - x*l + 9*l + l**2 - l. Let d(v) = -4*v**2 + 4*v + 3. Let y(z) = d(z) - 3*u(z). Determine y(-1).
-8
Let h(a) = -4*a**2 + 5. Let p(c) = 21*c**2 - 24. Let w = -12 - -7. Let r(m) = w*p(m) - 24*h(m). Let q = 12524 + -12525. Give r(q).
-9
Let k(a) = a**2 - 6*a + 2. Let r = -633 - -637. Let u be ((-3)/(-2))/(1/(-2)). Let o be u + 24/(12/r). What is k(o)?
-3
Let x(m) = m + 3. Let s be x(-5). Let c be ((-4)/(-4))/(1/s). Let w(p) = 33*p + 7. Let a(b) = -13*b - 3. Let z(v) = 5*a(v) + 2*w(v). Determine z(c).
-3
Let v(m) = -2*m**3 + 3*m**2 - 2*m. Suppose -2*p = -2*y - 62, 0 = -4*p - 3*y + 44 + 66. Let u(k) = -29*k + 60. Let x be u(3). Let l = x + p. Determine v(l).
-8
Let j = 28 + -25. Let m(q) = -2*q**3 + 3*q**3 - 4*q**2 + 0*q**j + 0*q**2. Give m(4).
0
Let m(p) = 4*p - 63. Suppose -45 = 2859*t - 2862*t. Calculate m(t).
-3
Suppose 2*m - 1 = -25. Let i be -3 - (m - (-3 - 0)). Let b(d) be the second derivative of d**5/20 - d**4/2 + d**3/6 + 3*d**2/2 - 23*d. Calculate b(i).
9
Let d(p) = 0 - 1 + p - 4. Let y(c) = -c**2 - 54*c - 282. Let z be y(-48). Give d(z).
1
Let x(f) = -5*f**3 - 59*f**2 + 22*f - 137. Let r(y) = 3*y**3 + 40*y**2 - 14*y + 91. Let h(l) = -8*r(l) - 5*x(l). What is h(25)?
7
Let a(f) = 5*f - 3. Let j(r) = -4*r - 30. Let u(p) = 3*p - 26. Let o be u(6). Let q be j(o). Calculate a(q).
7
Let s(w) = -w**3 + 10*w**2 + 12*w - 16. Suppose 13 = 11*n - 53. Let r(d) = d**3 - 7*d**2 + 3*d + 29. Let q be r(n). Give s(q).
-5
Let b(s) = -2*s + 1. Let i(u) = 5*u - 2. Suppose 5*a + 0*a = 5. Let d = a - -6. Let j(z) = d*b(z) + 3*i(z). Determine j(-1).
0
Let o(a) = a**3 + 5*a**2 - 6*a - 4. Suppose 0 = 2*v - 3*v + 4*c + 17, -30 = 5*v + 3*c. Let j be -1*((v - -7) + 6). Let l be j/1 - (2 - 6). Determine o(l).
-4
Let s(u) be the third derivative of 7*u**4/24 + 5*u**3/6 - 5*u**2. Give s(-4).
-23
Let d(b) = 8*b - 23 - 35 + 59. Determine d(3).
25
Let f(q) = -2*q**3 + 3*q**2 - q + 3. Let d(k) = 3*k**3 - 5*k**2 + 2*k - 5. Let i(h) = -3*d(h) - 5*f(h). Determine i(0).
0
Suppose -2*v + 2 = -0. Let r be 92/20 - 6/10. Let j(l) = 5*l - 3*l - l + v - r. Determine j(3).
0
Let i(c) be the first derivative of c**2/2 + 22. Suppose t + 2 = 12. Let r be (12/t)/(1/5). Calculate i(r).
6
Let l(x) = -x**2 + 2*x. Let h(p) = 13*p**2 - 3*p. Let f(j) = -h(j) - 2*l(j). Let c be 1/(-5) - 72/15. Let v = c - -6. Give f(v).
-12
Suppose -2*b + 26 = 4*w, 6*w = -5*b + 3*w + 30. Let y(i) = -i - i - 16 + b*i + 18. What is y(3)?
5
Let y(q) = -24*q - 1. Suppose -109 = -31*k - 47. Give y(k).
-49
Let z(k) = k + 1. Suppose 0 = s - 17 + 14. Suppose s*q + u = -2*u + 9, 5*u = -4*q + 12. Determine z(q).
4
Suppose 5*g - 19 = 41. Let i(h) = h**2 - 30*h + 3 + 10*h + g*h. What is i(8)?
3
Let d(s) be the third derivative of 2*s**3 - 1/12*s**4 - 1/60*s**5 + 0 + 4*s**2 + 0*s. Let f(n) be the first derivative of d(n). Give f(-4).
6
Let u(a) = a**2 - 3*a - 1. Let g = -184 - -186. Calculate u(g).
-3
Let x(u) be the third derivative of u**5/120 + 17*u**4/24 - 16*u**3/3 - 31*u**2. Let a(s) be the first derivative of x(s). Determine a(-9).
8
Let b(p) = -p + 1. Suppose -12 = -4*z + 104. Suppose -5*m - z = 3*g, 0 = m - 5*g - 4 - 7. Let o = 9 + m. What is b(o)?
-4
Let b(n) = n**3 + 3*n + 117*n**2 + 117*n**2 - 229*n**2 - 2*n. Let h(z) = -z**2. Let o(x) = -b(x) - h(x). Give o(-2).
-6
Let y(c) = c + 5. Suppose 0 = 25*t - 26*t - 8. Let d be y(t). Let i(a) = -2*a + 2. What is i(d)?
8
Let c(w) = -w + 9. Let q be c(5). Let p(y) be the second derivative of -y**4/12 + y**3/2 - 5*y**2/2 - 46*y. What is p(q)?
-9
Let n(t) b